{"id":7763,"date":"2025-01-20T18:01:54","date_gmt":"2025-01-20T18:01:54","guid":{"rendered":"https:\/\/www.piruetka.sk\/new\/?page_id=7763"},"modified":"2025-02-02T10:40:41","modified_gmt":"2025-02-02T10:40:41","slug":"6-tyzdnovy-kurz-v-malackach","status":"publish","type":"page","link":"https:\/\/www.piruetka.sk\/new\/index.php\/6-tyzdnovy-kurz-v-malackach\/","title":{"rendered":"6 -T\u00fd\u017ed\u0148ov\u00fd kurz v Malack\u00e1ch"},"content":{"rendered":"\t\t<div data-elementor-type=\"wp-page\" data-elementor-id=\"7763\" class=\"elementor elementor-7763\">\n\t\t\t\t\t\t<div class=\"elementor-inner\">\n\t\t\t\t<div class=\"elementor-section-wrap\">\n\t\t\t\t\t\t\t\t\t<section class=\"elementor-section elementor-top-section elementor-element elementor-element-095fd93 elementor-section-boxed elementor-section-height-default elementor-section-height-default\" data-id=\"095fd93\" data-element_type=\"section\" data-settings=\"{&quot;shape_divider_top&quot;:&quot;opacity-tilt&quot;}\">\n\t\t\t\t\t<div class=\"elementor-shape elementor-shape-top\" data-negative=\"false\">\n\t\t\t<svg xmlns=\"http:\/\/www.w3.org\/2000\/svg\" viewBox=\"0 0 2600 131.1\" preserveAspectRatio=\"none\">\n\t<path class=\"elementor-shape-fill\" d=\"M0 0L2600 0 2600 69.1 0 0z\"\/>\n\t<path class=\"elementor-shape-fill\" style=\"opacity:0.5\" d=\"M0 0L2600 0 2600 69.1 0 69.1z\"\/>\n\t<path class=\"elementor-shape-fill\" style=\"opacity:0.25\" d=\"M2600 0L0 0 0 130.1 2600 69.1z\"\/>\n<\/svg>\t\t<\/div>\n\t\t\t\t\t<div class=\"elementor-container elementor-column-gap-default\">\n\t\t\t\t\t\t\t<div class=\"elementor-row\">\n\t\t\t\t\t<div class=\"elementor-column elementor-col-100 elementor-top-column elementor-element elementor-element-4eeb16b\" data-id=\"4eeb16b\" data-element_type=\"column\">\n\t\t\t<div class=\"elementor-column-wrap elementor-element-populated\">\n\t\t\t\t\t\t\t<div class=\"elementor-widget-wrap\">\n\t\t\t\t\t\t<div class=\"elementor-element elementor-element-45144c0 elementor-widget elementor-widget-spacer\" data-id=\"45144c0\" data-element_type=\"widget\" data-widget_type=\"spacer.default\">\n\t\t\t\t<div class=\"elementor-widget-container\">\n\t\t\t\t\t<div class=\"elementor-spacer\">\n\t\t\t<div class=\"elementor-spacer-inner\"><\/div>\n\t\t<\/div>\n\t\t\t\t<\/div>\n\t\t\t\t<\/div>\n\t\t\t\t<div class=\"elementor-element elementor-element-d26597b elementor-widget elementor-widget-heading\" data-id=\"d26597b\" data-element_type=\"widget\" data-widget_type=\"heading.default\">\n\t\t\t\t<div class=\"elementor-widget-container\">\n\t\t\t<h2 class=\"elementor-heading-title elementor-size-default\">6-t\u00fd\u017ed\u0148ov\u00fd skupinov\u00fd kurz v Malack\u00e1ch pre deti a dospel\u00fdch <\/h2>\t\t<\/div>\n\t\t\t\t<\/div>\n\t\t\t\t\t\t<\/div>\n\t\t\t\t\t<\/div>\n\t\t<\/div>\n\t\t\t\t\t\t\t\t<\/div>\n\t\t\t\t\t<\/div>\n\t\t<\/section>\n\t\t\t\t<section class=\"elementor-section elementor-top-section elementor-element elementor-element-5d8f9ed elementor-section-boxed elementor-section-height-default elementor-section-height-default\" data-id=\"5d8f9ed\" data-element_type=\"section\" data-settings=\"{&quot;background_background&quot;:&quot;classic&quot;}\">\n\t\t\t\t\t\t<div class=\"elementor-container elementor-column-gap-default\">\n\t\t\t\t\t\t\t<div class=\"elementor-row\">\n\t\t\t\t\t<div class=\"elementor-column elementor-col-100 elementor-top-column elementor-element elementor-element-f84c128\" data-id=\"f84c128\" data-element_type=\"column\" data-settings=\"{&quot;background_background&quot;:&quot;slideshow&quot;,&quot;background_slideshow_gallery&quot;:[],&quot;background_slideshow_loop&quot;:&quot;yes&quot;,&quot;background_slideshow_slide_duration&quot;:5000,&quot;background_slideshow_slide_transition&quot;:&quot;fade&quot;,&quot;background_slideshow_transition_duration&quot;:500}\">\n\t\t\t<div class=\"elementor-column-wrap elementor-element-populated\">\n\t\t\t\t\t\t\t<div class=\"elementor-widget-wrap\">\n\t\t\t\t\t\t<div class=\"elementor-element elementor-element-cac3bcd elementor-widget elementor-widget-text-editor\" data-id=\"cac3bcd\" data-element_type=\"widget\" data-widget_type=\"text-editor.default\">\n\t\t\t\t<div class=\"elementor-widget-container\">\n\t\t\t\t\t\t\t\t<div class=\"elementor-text-editor elementor-clearfix\">\n\t\t\t\t<h4><span style=\"color: #000000;\">6-t\u00fd\u017ed\u0148ov\u00fd skupinov\u00fd kurz trv\u00e1 od 04.03.2025 do 08.04.2025 (6 x Utorok)\u00a0 v \u010dase 17:15-18:15<\/span><\/h4><p><strong>INFO:<\/strong><\/p><h5><span style=\"color: #000000;\">Miesto kurzu : \u0160port AR\u00c9NA MALACKY ,PEZINSK\u00c1 ulica\u00a0<\/span><\/h5><h5><span style=\"color: #000000;\">Vyhradzujeme si zmenu \u010dasu tr\u00e9ningu<\/span><\/h5><h6><span style=\"color: #000000;\">Do kurzu berieme deti od 4 rokov<\/span><br \/><span style=\"color: #000000;\">Deti aj dospel\u00fdch del\u00edme pod\u013ea v\u00fdkonnostnej \u00farovne<\/span><br \/><span style=\"color: #000000;\">V\u00a0skupine sa nach\u00e1dza max 10 kor\u010du\u013euj\u00facich u jedn\u00e9ho tr\u00e9nera<\/span><\/h6><div><span style=\"color: #000000;\"><strong>Jednu hodinu z kurzu z d\u00f4vodu choroby nahr\u00e1dzame, av\u0161ak chorobu je nutn\u00e9 nahl\u00e1si\u0165 minim\u00e1lne 24 hod\u00edn pred za\u010dat\u00edm hodiny. Peniaze za kurz ani za n\u00e1hradn\u00fa hodinu nevraciame. Ak bude hodina nahl\u00e1sen\u00e1 menej ako 24 hod\u00edn, nie je mo\u017en\u00e9 si n\u00e1rokova\u0165 n\u00e1hradu.<\/strong><\/span><\/div><div>\u00a0<\/div><h3><span style=\"color: #000000;\"><strong>POKYNY:<\/strong><\/span><\/h3><p><span style=\"color: #000000;\"><strong>Po prihl\u00e1sen\u00ed V\u00e1m pr\u00edde e-mail, \u017ee sme V\u00e1s zaregistrovali do syst\u00e9mu spolu so sumou ktor\u00fa je nutn\u00e9 uhradi\u0165 najnesk\u00f4r 4 dni pred za\u010dat\u00edm kurzu .<\/strong><\/span><\/p><p><span style=\"color: #000000;\"><strong>Na hodinu treba pr\u00eds\u0165 aspo\u0148 15 min\u00fat pred za\u010dat\u00edm.<\/strong><\/span><br \/><span style=\"color: #000000;\"><strong>Pri pr\u00edchode na zimn\u00fd \u0161tadi\u00f3n pri vstupe stoj\u00ed kolegy\u0148a s mikinou Piruetka u ktorej je potrebn\u00e9 sa nahl\u00e1si\u0165 ,ona si V\u00e1s zap\u00ed\u0161e a poskytne V\u00e1m \u010fal\u0161ie inform\u00e1cie. <\/strong><\/span><br \/><span style=\"color: #000000;\"><strong>Bez zaevidovania nie je mo\u017en\u00e9 \u00eds\u0165 do \u0161atne.<\/strong><\/span><\/p><p><span style=\"color: #000000;\"><b>Ak m\u00e1te z\u00e1ujem o zapo\u017ei\u010danie kor\u010d\u00fa\u013e alebo helmy v komplexe sa nach\u00e1dza po\u017ei\u010dov\u0148a ako aj br\u00fasiare\u0148 kor\u010du\u013e ktor\u00fa viete vyu\u017ei\u0165 po\u010das na\u0161ich kurzov s dostato\u010dn\u00fdm predstihom.<\/b><\/span><\/p>\t\t\t\t\t<\/div>\n\t\t\t\t\t\t<\/div>\n\t\t\t\t<\/div>\n\t\t\t\t\t\t<\/div>\n\t\t\t\t\t<\/div>\n\t\t<\/div>\n\t\t\t\t\t\t\t\t<\/div>\n\t\t\t\t\t<\/div>\n\t\t<\/section>\n\t\t\t\t\t\t\t\t\t<\/div>\n\t\t\t<\/div>\n\t\t\t\t\t<\/div>\n\t\t","protected":false},"excerpt":{"rendered":"<p>6-t\u00fd\u017ed\u0148ov\u00fd skupinov\u00fd kurz v Malack\u00e1ch pre deti a dospel\u00fdch 6-t\u00fd\u017ed\u0148ov\u00fd skupinov\u00fd kurz trv\u00e1 od 04.03.2025 do 08.04.2025 (6 x Utorok)\u00a0 v \u010dase 17:15-18:15 INFO: Miesto kurzu : \u0160port AR\u00c9NA MALACKY ,PEZINSK\u00c1 ulica\u00a0 Vyhradzujeme si zmenu \u010dasu tr\u00e9ningu Do kurzu berieme deti od 4 rokovDeti aj dospel\u00fdch del\u00edme pod\u013ea v\u00fdkonnostnej \u00farovneV\u00a0skupine sa nach\u00e1dza max 10 kor\u010du\u013euj\u00facich [&hellip;]<\/p>\n","protected":false},"author":2,"featured_media":0,"parent":0,"menu_order":0,"comment_status":"closed","ping_status":"closed","template":"","meta":{"footnotes":""},"class_list":["post-7763","page","type-page","status-publish","hentry"],"_links":{"self":[{"href":"https:\/\/www.piruetka.sk\/new\/index.php\/wp-json\/wp\/v2\/pages\/7763","targetHints":{"allow":["GET"]}}],"collection":[{"href":"https:\/\/www.piruetka.sk\/new\/index.php\/wp-json\/wp\/v2\/pages"}],"about":[{"href":"https:\/\/www.piruetka.sk\/new\/index.php\/wp-json\/wp\/v2\/types\/page"}],"author":[{"embeddable":true,"href":"https:\/\/www.piruetka.sk\/new\/index.php\/wp-json\/wp\/v2\/users\/2"}],"replies":[{"embeddable":true,"href":"https:\/\/www.piruetka.sk\/new\/index.php\/wp-json\/wp\/v2\/comments?post=7763"}],"version-history":[{"count":19,"href":"https:\/\/www.piruetka.sk\/new\/index.php\/wp-json\/wp\/v2\/pages\/7763\/revisions"}],"predecessor-version":[{"id":7871,"href":"https:\/\/www.piruetka.sk\/new\/index.php\/wp-json\/wp\/v2\/pages\/7763\/revisions\/7871"}],"wp:attachment":[{"href":"https:\/\/www.piruetka.sk\/new\/index.php\/wp-json\/wp\/v2\/media?parent=7763"}],"curies":[{"name":"wp","href":"https:\/\/api.w.org\/{rel}","templated":true}]}}

6 -Týždňový kurz v Malackách

<div data-elementor-type="wp-page" data-elementor-id="7763" class="elementor elementor-7763">
						<div class="elementor-inner">
				<div class="elementor-section-wrap">
									<section class="elementor-section elementor-top-section elementor-element elementor-element-095fd93 elementor-section-boxed elementor-section-height-default elementor-section-height-default" data-id="095fd93" data-element_type="section" data-settings="{&quot;shape_divider_top&quot;:&quot;opacity-tilt&quot;}">
					<div class="elementor-shape elementor-shape-top" data-negative="false">
			<svg xmlns="http://www.w3.org/2000/svg" viewBox="0 0 2600 131.1" preserveAspectRatio="none">
	<path class="elementor-shape-fill" d="M0 0L2600 0 2600 69.1 0 0z"/>
	<path class="elementor-shape-fill" style="opacity:0.5" d="M0 0L2600 0 2600 69.1 0 69.1z"/>
	<path class="elementor-shape-fill" style="opacity:0.25" d="M2600 0L0 0 0 130.1 2600 69.1z"/>
</svg>		</div>
					<div class="elementor-container elementor-column-gap-default">
							<div class="elementor-row">
					<div class="elementor-column elementor-col-100 elementor-top-column elementor-element elementor-element-4eeb16b" data-id="4eeb16b" data-element_type="column">
			<div class="elementor-column-wrap elementor-element-populated">
							<div class="elementor-widget-wrap">
						<div class="elementor-element elementor-element-45144c0 elementor-widget elementor-widget-spacer" data-id="45144c0" data-element_type="widget" data-widget_type="spacer.default">
				<div class="elementor-widget-container">
					<div class="elementor-spacer">
			<div class="elementor-spacer-inner"></div>
		</div>
				</div>
				</div>
				<div class="elementor-element elementor-element-d26597b elementor-widget elementor-widget-heading" data-id="d26597b" data-element_type="widget" data-widget_type="heading.default">
				<div class="elementor-widget-container">
			<h2 class="elementor-heading-title elementor-size-default">6-týždňový skupinový kurz v Malackách pre deti a dospelých </h2>		</div>
				</div>
						</div>
					</div>
		</div>
								</div>
					</div>
		</section>
				<section class="elementor-section elementor-top-section elementor-element elementor-element-5d8f9ed elementor-section-boxed elementor-section-height-default elementor-section-height-default" data-id="5d8f9ed" data-element_type="section" data-settings="{&quot;background_background&quot;:&quot;classic&quot;}">
						<div class="elementor-container elementor-column-gap-default">
							<div class="elementor-row">
					<div class="elementor-column elementor-col-100 elementor-top-column elementor-element elementor-element-f84c128" data-id="f84c128" data-element_type="column" data-settings="{&quot;background_background&quot;:&quot;slideshow&quot;,&quot;background_slideshow_gallery&quot;:[],&quot;background_slideshow_loop&quot;:&quot;yes&quot;,&quot;background_slideshow_slide_duration&quot;:5000,&quot;background_slideshow_slide_transition&quot;:&quot;fade&quot;,&quot;background_slideshow_transition_duration&quot;:500}">
			<div class="elementor-column-wrap elementor-element-populated">
							<div class="elementor-widget-wrap">
						<div class="elementor-element elementor-element-cac3bcd elementor-widget elementor-widget-text-editor" data-id="cac3bcd" data-element_type="widget" data-widget_type="text-editor.default">
				<div class="elementor-widget-container">
								<div class="elementor-text-editor elementor-clearfix">
				<h4><span style="color: #000000;">6-týždňový skupinový kurz trvá od 04.03.2025 do 08.04.2025 (6 x Utorok)  v čase 17:15-18:15</span></h4><p><strong>INFO:</strong></p><h5><span style="color: #000000;">Miesto kurzu : Šport ARÉNA MALACKY ,PEZINSKÁ ulica </span></h5><h5><span style="color: #000000;">Vyhradzujeme si zmenu času tréningu</span></h5><h6><span style="color: #000000;">Do kurzu berieme deti od 4 rokov</span><br /><span style="color: #000000;">Deti aj dospelých delíme podľa výkonnostnej úrovne</span><br /><span style="color: #000000;">V skupine sa nachádza max 10 korčuľujúcich u jedného trénera</span></h6><div><span style="color: #000000;"><strong>Jednu hodinu z kurzu z dôvodu choroby nahrádzame, avšak chorobu je nutné nahlásiť minimálne 24 hodín pred začatím hodiny. Peniaze za kurz ani za náhradnú hodinu nevraciame. Ak bude hodina nahlásená menej ako 24 hodín, nie je možné si nárokovať náhradu.</strong></span></div><div> </div><h3><span style="color: #000000;"><strong>POKYNY:</strong></span></h3><p><span style="color: #000000;"><strong>Po prihlásení Vám príde e-mail, že sme Vás zaregistrovali do systému spolu so sumou ktorú je nutné uhradiť najneskôr 4 dni pred začatím kurzu .</strong></span></p><p><span style="color: #000000;"><strong>Na hodinu treba prísť aspoň 15 minút pred začatím.</strong></span><br /><span style="color: #000000;"><strong>Pri príchode na zimný štadión pri vstupe stojí kolegyňa s mikinou Piruetka u ktorej je potrebné sa nahlásiť ,ona si Vás zapíše a poskytne Vám ďalšie informácie. </strong></span><br /><span style="color: #000000;"><strong>Bez zaevidovania nie je možné ísť do šatne.</strong></span></p><p><span style="color: #000000;"><b>Ak máte záujem o zapožičanie korčúľ alebo helmy v komplexe sa nachádza požičovňa ako aj brúsiareň korčuľ ktorú viete využiť počas našich kurzov s dostatočným predstihom.</b></span></p>					</div>
						</div>
				</div>
						</div>
					</div>
		</div>
								</div>
					</div>
		</section>
									</div>
			</div>
					</div>

<p>6-týždňový skupinový kurz v Malackách pre deti a dospelých 6-týždňový skupinový kurz trvá od 04.03.2025 do 08.04.2025 (6 x Utorok)  v čase 17:15-18:15 INFO: Miesto kurzu : Šport ARÉNA MALACKY ,PEZINSKÁ ulica  Vyhradzujeme si zmenu času tréningu Do kurzu berieme deti od 4 rokovDeti aj dospelých delíme podľa výkonnostnej úrovneV skupine sa nachádza max 10 korčuľujúcich [&hellip;]</p>
