{"id":445,"date":"2022-08-16T17:11:53","date_gmt":"2022-08-16T17:11:53","guid":{"rendered":"https:\/\/www.piruetka.sk\/new\/?page_id=445"},"modified":"2026-02-08T12:42:02","modified_gmt":"2026-02-08T12:42:02","slug":"6_tyzdnovy_skupinovy_kurz_pezinok","status":"publish","type":"page","link":"https:\/\/www.piruetka.sk\/new\/index.php\/6_tyzdnovy_skupinovy_kurz_pezinok\/","title":{"rendered":"6_tyzdnovy_skupinovy_kurz_pezinok"},"content":{"rendered":"\t\t<div data-elementor-type=\"wp-page\" data-elementor-id=\"445\" class=\"elementor elementor-445\">\n\t\t\t\t\t\t<div class=\"elementor-inner\">\n\t\t\t\t<div class=\"elementor-section-wrap\">\n\t\t\t\t\t\t\t\t\t<section class=\"elementor-section elementor-top-section elementor-element elementor-element-8c8bbac elementor-section-boxed elementor-section-height-default elementor-section-height-default\" data-id=\"8c8bbac\" data-element_type=\"section\" data-settings=\"{&quot;shape_divider_top&quot;:&quot;opacity-tilt&quot;}\">\n\t\t\t\t\t<div class=\"elementor-shape elementor-shape-top\" data-negative=\"false\">\n\t\t\t<svg xmlns=\"http:\/\/www.w3.org\/2000\/svg\" viewBox=\"0 0 2600 131.1\" preserveAspectRatio=\"none\">\n\t<path class=\"elementor-shape-fill\" d=\"M0 0L2600 0 2600 69.1 0 0z\"\/>\n\t<path class=\"elementor-shape-fill\" style=\"opacity:0.5\" d=\"M0 0L2600 0 2600 69.1 0 69.1z\"\/>\n\t<path class=\"elementor-shape-fill\" style=\"opacity:0.25\" d=\"M2600 0L0 0 0 130.1 2600 69.1z\"\/>\n<\/svg>\t\t<\/div>\n\t\t\t\t\t<div class=\"elementor-container elementor-column-gap-default\">\n\t\t\t\t\t\t\t<div class=\"elementor-row\">\n\t\t\t\t\t<div class=\"elementor-column elementor-col-100 elementor-top-column elementor-element elementor-element-618418d\" data-id=\"618418d\" data-element_type=\"column\">\n\t\t\t<div class=\"elementor-column-wrap elementor-element-populated\">\n\t\t\t\t\t\t\t<div class=\"elementor-widget-wrap\">\n\t\t\t\t\t\t<div class=\"elementor-element elementor-element-111e642 elementor-widget elementor-widget-spacer\" data-id=\"111e642\" data-element_type=\"widget\" data-widget_type=\"spacer.default\">\n\t\t\t\t<div class=\"elementor-widget-container\">\n\t\t\t\t\t<div class=\"elementor-spacer\">\n\t\t\t<div class=\"elementor-spacer-inner\"><\/div>\n\t\t<\/div>\n\t\t\t\t<\/div>\n\t\t\t\t<\/div>\n\t\t\t\t<div class=\"elementor-element elementor-element-21ff525 elementor-widget elementor-widget-heading\" data-id=\"21ff525\" data-element_type=\"widget\" data-widget_type=\"heading.default\">\n\t\t\t\t<div class=\"elementor-widget-container\">\n\t\t\t<h2 class=\"elementor-heading-title elementor-size-default\">6- t\u00fd\u017ed\u0148ov\u00fd skupinov\u00fd kurz Pezinok<\/h2>\t\t<\/div>\n\t\t\t\t<\/div>\n\t\t\t\t\t\t<\/div>\n\t\t\t\t\t<\/div>\n\t\t<\/div>\n\t\t\t\t\t\t\t\t<\/div>\n\t\t\t\t\t<\/div>\n\t\t<\/section>\n\t\t\t\t<section class=\"elementor-section elementor-top-section elementor-element elementor-element-3e1162e elementor-section-boxed elementor-section-height-default elementor-section-height-default\" data-id=\"3e1162e\" data-element_type=\"section\" data-settings=\"{&quot;background_background&quot;:&quot;classic&quot;}\">\n\t\t\t\t\t\t<div class=\"elementor-container elementor-column-gap-default\">\n\t\t\t\t\t\t\t<div class=\"elementor-row\">\n\t\t\t\t\t<div class=\"elementor-column elementor-col-100 elementor-top-column elementor-element elementor-element-6b27d8e\" data-id=\"6b27d8e\" data-element_type=\"column\" data-settings=\"{&quot;background_background&quot;:&quot;slideshow&quot;,&quot;background_slideshow_gallery&quot;:[],&quot;background_slideshow_loop&quot;:&quot;yes&quot;,&quot;background_slideshow_slide_duration&quot;:5000,&quot;background_slideshow_slide_transition&quot;:&quot;fade&quot;,&quot;background_slideshow_transition_duration&quot;:500}\">\n\t\t\t<div class=\"elementor-column-wrap elementor-element-populated\">\n\t\t\t\t\t\t\t<div class=\"elementor-widget-wrap\">\n\t\t\t\t\t\t<div class=\"elementor-element elementor-element-17ebd68 elementor-widget elementor-widget-text-editor\" data-id=\"17ebd68\" data-element_type=\"widget\" data-widget_type=\"text-editor.default\">\n\t\t\t\t<div class=\"elementor-widget-container\">\n\t\t\t\t\t\t\t\t<div class=\"elementor-text-editor elementor-clearfix\">\n\t\t\t\t<p><span style=\"color: #000000;\"><b>INFO :<\/b><b><\/b><\/span><\/p><h4><span style=\"color: #000000;\"><b>6-<\/b><\/span><span style=\"color: #000000;\"><strong style=\"font-family: inherit; font-size: 1.5rem;\">t\u00fd\u017ed\u0148ov\u00fd<\/strong><strong style=\"font-family: inherit; font-size: 1.5rem;\"> skupinov\u00fd kurz trv\u00e1 od 28.2.2026 do 11.4.2026 ( <\/strong><strong style=\"font-family: inherit; font-size: 1.5rem;\">6x sobota)<span style=\"text-decoration: underline;\"> okrem 4.4.2026<\/span> od 14:45-15:45 alebo od 16:00 do 17:00\u00a0<\/strong><\/span><\/h4><p><strong><span style=\"color: #000000;\">Rozdiel medzi kurzami je len v \u010dase<\/span><\/strong><\/p><p><span style=\"color: #000000;\">Miesto kurzu : zimn\u00fd \u0161tadi\u00f3n v Pezinku na ulici Roz\u00e1lka 6333\/7.<\/span><br \/><span style=\"color: #000000;\">Kurz je ur\u010den\u00fd pre deti aj dospel\u00fdch v skupine.<\/span><br \/><span style=\"color: #000000;\">Do kurzu berieme deti od 4 rokov<\/span><br \/><span style=\"color: #000000;\">Deti aj dospel\u00fdch del\u00edme pod\u013ea v\u00fdkonnostnej \u00farovne<\/span><br \/><span style=\"color: #000000;\">V\u00a0skupine sa nach\u00e1dza max 10 kor\u010du\u013euj\u00facich u jedn\u00e9ho tr\u00e9nera<\/span><\/p><p><span style=\"color: #000000;\"><strong>Pokyny :<\/strong><\/span><br \/><span style=\"color: #000000;\">Na kurz treba pr\u00eds\u0165 aspo\u0148 15 min\u00fat pred za\u010dat\u00edm kurzu.<\/span><br \/><span style=\"color: #000000;\"><strong>Jednu hodinu z kurzu z d\u00f4vodu choroby nahr\u00e1dzame, av\u0161ak chorobu je nutn\u00e9 nahl\u00e1si\u0165 minim\u00e1lne 24 hod\u00edn pred za\u010dat\u00edm hodiny.<\/strong><\/span><br \/><span style=\"color: #000000;\">Ak bude hodina nahl\u00e1sen\u00e1 nesk\u00f4r nie je mo\u017en\u00e9 si ju nahradi\u0165!<\/span><br \/><span style=\"color: #000000;\">Pri pr\u00edchode na zimn\u00fd \u0161tadi\u00f3n pri vstupe stoj\u00ed kolegy\u0148a s mikinou Piruetka u ktorej sa treba prihl\u00e1si\u0165, a ona V\u00e1m vysvetl\u00ed \u010fal\u0161\u00ed postup. Bez zaevidovania nie je mo\u017en\u00e9 \u00eds\u0165 do \u0161atne.<\/span><br \/><span style=\"color: #000000;\">Po prihl\u00e1sen\u00ed V\u00e1m pr\u00edde e-mail, \u017ee sme V\u00e1s zaregistrovali do syst\u00e9mu spolu so sumou za kurz ktor\u00fa je nutn\u00e9 uhradi\u0165 najnesk\u00f4r 4 dni po vytvoren\u00ed objedn\u00e1vky.<\/span><br \/><span style=\"color: #000000;\">Deti alebo dospel\u00ed , ktor\u00ed nemaj\u00fa vlastn\u00e9 kor\u010dule a\u00a0helmu si m\u00f4\u017eu zapo\u017ei\u010da\u0165 NA VLASTN\u00c9 N\u00c1KLADY tu:<\/span><br \/><span style=\"color: #000000;\"><strong>e-mail: \u00a0OUTLETHOCKEY@GMAIL.COM\u00a0Tel.\u010d\u00edslo: &#8211;\u00a0+421 948 072 3726<\/strong><\/span><\/p><p><span style=\"color: #000000;\"><strong>\u00a0<\/strong><\/span><\/p>\t\t\t\t\t<\/div>\n\t\t\t\t\t\t<\/div>\n\t\t\t\t<\/div>\n\t\t\t\t\t\t<\/div>\n\t\t\t\t\t<\/div>\n\t\t<\/div>\n\t\t\t\t\t\t\t\t<\/div>\n\t\t\t\t\t<\/div>\n\t\t<\/section>\n\t\t\t\t\t\t\t\t\t<\/div>\n\t\t\t<\/div>\n\t\t\t\t\t<\/div>\n\t\t","protected":false},"excerpt":{"rendered":"<p>6- t\u00fd\u017ed\u0148ov\u00fd skupinov\u00fd kurz Pezinok INFO : 6-t\u00fd\u017ed\u0148ov\u00fd skupinov\u00fd kurz trv\u00e1 od 28.2.2026 do 11.4.2026 ( 6x sobota) okrem 4.4.2026 od 14:45-15:45 alebo od 16:00 do 17:00\u00a0 Rozdiel medzi kurzami je len v \u010dase Miesto kurzu : zimn\u00fd \u0161tadi\u00f3n v Pezinku na ulici Roz\u00e1lka 6333\/7.Kurz je ur\u010den\u00fd pre deti aj dospel\u00fdch v skupine.Do kurzu berieme [&hellip;]<\/p>\n","protected":false},"author":1,"featured_media":0,"parent":0,"menu_order":0,"comment_status":"closed","ping_status":"closed","template":"","meta":{"footnotes":""},"class_list":["post-445","page","type-page","status-publish","hentry"],"_links":{"self":[{"href":"https:\/\/www.piruetka.sk\/new\/index.php\/wp-json\/wp\/v2\/pages\/445","targetHints":{"allow":["GET"]}}],"collection":[{"href":"https:\/\/www.piruetka.sk\/new\/index.php\/wp-json\/wp\/v2\/pages"}],"about":[{"href":"https:\/\/www.piruetka.sk\/new\/index.php\/wp-json\/wp\/v2\/types\/page"}],"author":[{"embeddable":true,"href":"https:\/\/www.piruetka.sk\/new\/index.php\/wp-json\/wp\/v2\/users\/1"}],"replies":[{"embeddable":true,"href":"https:\/\/www.piruetka.sk\/new\/index.php\/wp-json\/wp\/v2\/comments?post=445"}],"version-history":[{"count":145,"href":"https:\/\/www.piruetka.sk\/new\/index.php\/wp-json\/wp\/v2\/pages\/445\/revisions"}],"predecessor-version":[{"id":8906,"href":"https:\/\/www.piruetka.sk\/new\/index.php\/wp-json\/wp\/v2\/pages\/445\/revisions\/8906"}],"wp:attachment":[{"href":"https:\/\/www.piruetka.sk\/new\/index.php\/wp-json\/wp\/v2\/media?parent=445"}],"curies":[{"name":"wp","href":"https:\/\/api.w.org\/{rel}","templated":true}]}}